
3, 5813
What are the prime factors of 17722?
2, 8861
What are the prime factors of 855?
3, 5, 19
List the prime factors of 158014.
2, 41, 47
What are the prime factors of 1415?
5, 283
List the prime factors of 15151.
109, 139
List the prime factors of 5388.
2, 3, 449
What are the prime factors of 66731?
7, 9533
What are the prime factors of 42665?
5, 7, 23, 53
List the prime factors of 59652.
2, 3, 1657
List the prime factors of 51719.
51719
List the prime factors of 184.
2, 23
What are the prime factors of 1819?
17, 107
List the prime factors of 141817.
13, 10909
What are the prime factors of 2438?
2, 23, 53
List the prime factors of 51725.
5, 2069
List the prime factors of 3010.
2, 5, 7, 43
List the prime factors of 2052.
2, 3, 19
List the prime factors of 13777.
23, 599
What are the prime factors of 1552?
2, 97
What are the prime factors of 181431?
3, 19, 1061
What are the prime factors of 3271?
3271
What are the prime factors of 130?
2, 5, 13
What are the prime factors of 22879?
137, 167
List the prime factors of 26736.
2, 3, 557
What are the prime factors of 1445?
5, 17
What are the prime factors of 1480?
2, 5, 37
What are the prime factors of 3256?
2, 11, 37
List the prime factors of 11260.
2, 5, 563
What are the prime factors of 56513?
31, 1823
What are the prime factors of 521?
521
List the prime factors of 5423.
11, 17, 29
List the prime factors of 2040.
2, 3, 5, 17
What are the prime factors of 633?
3, 211
List the prime factors of 9055.
5, 1811
What are the prime factors of 741?
3, 13, 19
List the prime factors of 59126.
2, 17, 37, 47
What are the prime factors of 9287?
37, 251
What are the prime factors of 37810?
2, 5, 19, 199
List the prime factors of 625.
5
List the prime factors of 5501.
5501
What are the prime factors of 27042?
2, 3, 4507
What are the prime factors of 1621?
1621
What are the prime factors of 49213?
29, 1697
What are the prime factors of 18911?
18911
What are the prime factors of 4484?
2, 19, 59
List the prime factors of 27891.
3, 1033
List the prime factors of 45101.
7, 17, 379
List the prime factors of 13750.
2, 5, 11
What are the prime factors of 784?
2, 7
What are the prime factors of 7473?
3, 47, 53
What are the prime factors of 1085?
5, 7, 31
List the prime factors of 806.
2, 13, 31
What are the prime factors of 175?
5, 7
What are the prime factors of 7540?
2, 5, 13, 29
List the prime factors of 21116.
2, 5279
List the prime factors of 415.
5, 83
List the prime factors of 13719.
3, 17, 269
What are the prime factors of 38485?
5, 43, 179
List the prime factors of 42663.
3, 14221
List the prime factors of 17.
17
List the prime factors of 15426.
2, 3, 857
What are the prime factors of 26044?
2, 17, 383
What are the prime factors of 18711?
3, 7, 11
List the prime factors of 5114.
2, 2557
What are the prime factors of 1478?
2, 739
List the prime factors of 60970.
2, 5, 7, 13, 67
What are the prime factors of 10857?
3, 7, 11, 47
List the prime factors of 724.
2, 181
List the prime factors of 128002.
2, 7, 41, 223
What are the prime factors of 40620?
2, 3, 5, 677
What are the prime factors of 6774?
2, 3, 1129
What are the prime factors of 6868?
2, 17, 101
What are the prime factors of 562?
2, 281
List the prime factors of 27408.
2, 3, 571
List the prime factors of 997.
997
What are the prime factors of 1571?
1571
What are the prime factors of 73328?
2, 4583
What are the prime factors of 12645?
3, 5, 281
What are the prime factors of 40213?
40213
What are the prime factors of 4521?
3, 11, 137
What are the prime factors of 30240?
2, 3, 5, 7
List the prime factors of 28588.
2, 7, 1021
List the prime factors of 7358.
2, 13, 283
What are the prime factors of 2766?
2, 3, 461
What are the prime factors of 117900?
2, 3, 5, 131
What are the prime factors of 1486?
2, 743
What are the prime factors of 1510?
2, 5, 151
What are the prime factors of 987?
3, 7, 47
List the prime factors of 3185.
5, 7, 13
List the prime factors of 907.
907
What are the prime factors of 2622?
2, 3, 19, 23
List the prime factors of 16430.
2, 5, 31, 53
List the prime factors of 5199.
3, 1733
List the prime factors of 1398.
2, 3, 233
List the prime factors of 9344.
2, 73
What are the prime factors of 47741?
47741
What are the prime factors of 12104?
2, 17, 89
List the prime factors of 42540.
2, 3, 5, 709
List the prime factors of 3681.
3, 409
What are the prime factors of 733?
733
What are the prime factors of 25251?
3, 19, 443
What are the prime factors of 359?
359
List the prime factors of 96490.
2, 5, 9649
What are the prime factors of 4844?
2, 7, 173
List the prime factors of 68797.
89, 773
What are the prime factors of 114002?
2, 7, 17, 479
List the prime factors of 607.
607
List the prime factors of 4233.
3, 17, 83
List the prime factors of 45419.
11, 4129
What are the prime factors of 113802?
2, 3, 13, 1459
List the prime factors of 3960.
2, 3, 5, 11
List the prime factors of 15840.
2, 3, 5, 11
What are the prime factors of 54953?
179, 307
List the prime factors of 3914.
2, 19, 103
List the prime factors of 7433.
7433
What are the prime factors of 22548?
2, 3, 1879
What are the prime factors of 1145?
5, 229
List the prime factors of 27361.
27361
What are the prime factors of 3606?
2, 3, 601
List the prime factors of 14568.
2, 3, 607
List the prime factors of 18783.
3, 2087
List the prime factors of 72116.
2, 11, 149
What are the prime factors of 2247?
3, 7, 107
What are the prime factors of 6018?
2, 3, 17, 59
List the prime factors of 71282.
2, 29, 1229
What are the prime factors of 92784?
2, 3, 1933
List the prime factors of 11539.
11, 1049
What are the prime factors of 16932?
2, 3, 17, 83
What are the prime factors of 69273?
3, 43, 179
What are the prime factors of 19634?
2, 9817
What are the prime factors of 8331?
3, 2777
What are the prime factors of 20401?
23, 887
What are the prime factors of 7014?
2, 3, 7, 167
What are the prime factors of 3874?
2, 13, 149
List the prime factors of 136414.
2, 68207
List the prime factors of 457.
457
What are the prime factors of 131017?
37, 3541
List the prime factors of 28192.
2, 881
What are the prime factors of 11120?
2, 5, 139
List the prime factors of 13185.
3, 5, 293
What are the prime factors of 165?
3, 5, 11
What are the prime factors of 7599?
3, 17, 149
List the prime factors of 56097.
3, 23, 271
What are the prime factors of 1123?
1123
List the prime factors of 2714.
2, 23, 59
List the prime factors of 263.
263
What are the prime factors of 557?
557
List the prime factors of 122.
2, 61
What are the prime factors of 525?
3, 5, 7
List the prime factors of 7695.
3, 5, 19
What are the prime factors of 4281?
3, 1427
What are the prime factors of 83460?
2, 3, 5, 13, 107
List the prime factors of 38978.
2, 19489
List the prime factors of 7464.
2, 3, 311
What are the prime factors of 5098?
2, 2549
What are the prime factors of 2215?
5, 443
List the prime factors of 14663.
11, 31, 43
What are the prime factors of 28316?
2, 7079
List the prime factors of 19049.
43, 443
List the prime factors of 2140.
2, 5, 107
What are the prime factors of 635?
5, 127
List the prime factors of 12098.
2, 23, 263
List the prime factors of 1742.
2, 13, 67
What are the prime factors of 34715?
5, 53, 131
List the prime factors of 18748.
2, 43, 109
List the prime factors of 94200.
2, 3, 5, 157
What are the prime factors of 78570?
2, 3, 5, 97
What are the prime factors of 5875?
5, 47
What are the prime factors of 8205?
3, 5, 547
What are the prime factors of 8918?
2, 7, 13
What are the prime factors of 10128?
2, 3, 211
List the prime factors of 2808.
2, 3, 13
What are the prime factors of 5366?
2, 2683
List the prime factors of 276.
2, 3, 23
List the prime factors of 79353.
3, 2939
List the prime factors of 20386.
2, 10193
What are the prime factors of 4080?
2, 3, 5, 17
What are the prime factors of 3316?
2, 829
What are the prime factors of 2138?
2, 1069
What are the prime factors of 19507?
19507
List the prime factors of 10880.
2, 5, 17
List the prime factors of 1266.
2, 3, 211
List the prime factors of 1244.
2, 311
List the prime factors of 90999.
3, 10111
What are the prime factors of 1101?
3, 367
What are the prime factors of 68123?
11, 563
List the prime factors of 11588.
2, 2897
List the prime factors of 33185.
5